{"id":2,"date":"2016-05-10T03:48:21","date_gmt":"2016-05-10T03:48:21","guid":{"rendered":"http:\/\/xn--schule-schtzt-schpfung-bic0l.de\/?page_id=2"},"modified":"2021-03-19T18:54:59","modified_gmt":"2021-03-19T18:54:59","slug":"sample-page","status":"publish","type":"page","link":"http:\/\/xn--schule-schtzt-schpfung-bic0l.de\/?page_id=2","title":{"rendered":"Impressum"},"content":{"rendered":"<p><b>Angaben gem\u00e4\u00df \u00a7 5 TMG<\/b><\/p>\n<p><span style=\"font-weight: 400;\">M\u00e4dchengymnasium J\u00fclich<\/span><\/p>\n<p><span style=\"font-weight: 400;\">Dr.-Weyer-Stra\u00dfe 5<\/span><\/p>\n<p><span style=\"font-weight: 400;\">52428 J\u00fclich<\/span><\/p>\n<p><b>Kontakt<\/b><\/p>\n<p><span style=\"font-weight: 400;\">Telefon: 02461\/97830<\/span><\/p>\n<p><span style=\"font-weight: 400;\">E-Mail: sekretariat@mgj-online.de<\/span><\/p>\n<p><b>Postadresse<\/b><\/p>\n<p><span style=\"font-weight: 400;\">M\u00e4dchengymnasium J\u00fclich<\/span><\/p>\n<p><span style=\"font-weight: 400;\">Dr.-Weyer-Stra\u00dfe 5<\/span><\/p>\n<p><span style=\"font-weight: 400;\">52428 J\u00fclich<\/span><\/p>\n<p><b>Redaktionell Verantwortlicher<\/b><\/p>\n<p><span style=\"font-weight: 400;\">Team Patronatstag i.A. S.de Haan<\/span><\/p>\n<p><span style=\"font-weight: 400;\">Dr.-Weyer-Stra\u00dfe 5<\/span><\/p>\n<p><span style=\"font-weight: 400;\">52428 J\u00fclich<\/span><\/p>\n<p><b>Verbraucherstreitbeilegung\/Universalschlichtungsstelle<\/b><\/p>\n<p><span style=\"font-weight: 400;\">Wir sind nicht bereit oder verpflichtet, an Streitbeilegungsverfahren vor einer<\/span><\/p>\n<p><span style=\"font-weight: 400;\">Verbraucherschlichtungsstelle teilzunehmen.<\/span><\/p>\n<p><b>Haftung f\u00fcr Inhalte<\/b><\/p>\n<p><span style=\"font-weight: 400;\">Als Diensteanbieter sind wir gem\u00e4\u00df \u00a7 7 Abs.1 TMG f\u00fcr eigene Inhalte auf diesen Seiten nach den<\/span><\/p>\n<p><span style=\"font-weight: 400;\">allgemeinen Gesetzen verantwortlich. Nach \u00a7\u00a7 8 bis 10 TMG sind wir als Diensteanbieter jedoch nicht<\/span><\/p>\n<p><span style=\"font-weight: 400;\">verpflichtet, \u00fcbermittelte oder gespeicherte fremde Informationen zu \u00fcberwachen oder nach Umst\u00e4nden zu forschen, die auf eine rechtswidrige T\u00e4tigkeit hinweisen.<\/span><\/p>\n<p><span style=\"font-weight: 400;\">Verpflichtungen zur Entfernung oder Sperrung der Nutzung von Informationen nach den allgemeinen<\/span><\/p>\n<p><span style=\"font-weight: 400;\">Gesetzen bleiben hiervon unber\u00fchrt. Eine diesbez\u00fcgliche Haftung ist jedoch erst ab dem Zeitpunkt der<\/span><\/p>\n<p><span style=\"font-weight: 400;\">Kenntnis einer konkreten Rechtsverletzung m\u00f6glich. Bei Bekanntwerden von entsprechenden<\/span><\/p>\n<p><span style=\"font-weight: 400;\">Rechtsverletzungen werden wir diese Inhalte umgehend entfernen.<\/span><\/p>\n<p><b>Haftung f\u00fcr Links<\/b><\/p>\n<p><span style=\"font-weight: 400;\">Unser Angebot enth\u00e4lt Links zu externen Websites Dritter, auf deren Inhalte wir keinen Einfluss haben.<\/span><\/p>\n<p><span style=\"font-weight: 400;\">Deshalb k\u00f6nnen wir f\u00fcr diese fremden Inhalte auch keine Gew\u00e4hr \u00fcbernehmen. F\u00fcr die Inhalte der<\/span><\/p>\n<p><span style=\"font-weight: 400;\">verlinkten Seiten ist stets der jeweilige Anbieter oder Betreiber der Seiten verantwortlich. Die verlinkten Seiten wurden zum Zeitpunkt der Verlinkung auf m\u00f6gliche Rechtsverst\u00f6\u00dfe \u00fcberpr\u00fcft. Rechtswidrige Inhalte waren zum Zeitpunkt der Verlinkung nicht erkennbar.<\/span><\/p>\n<p><span style=\"font-weight: 400;\">Eine permanente inhaltliche Kontrolle der verlinkten Seiten ist jedoch ohne konkrete Anhaltspunkte einer Rechtsverletzung nicht zumutbar. Bei Bekanntwerden von Rechtsverletzungen werden wir derartige Links umgehend entfernen.<\/span><\/p>\n<p><b>Urheberrecht<\/b><\/p>\n<p><span style=\"font-weight: 400;\">Die durch die Seitenbetreiber erstellten Inhalte und Werke auf diesen Seiten unterliegen dem deutschen Urheberrecht. Die Vervielf\u00e4ltigung, Bearbeitung, Verbreitung und jede Art der Verwertung au\u00dferhalb der Grenzen des Urheberrechtes bed\u00fcrfen der schriftlichen Zustimmung des jeweiligen Autors bzw. Erstellers.<\/span><\/p>\n<p><span style=\"font-weight: 400;\">Downloads und Kopien dieser Seite sind nur f\u00fcr den privaten, nicht kommerziellen Gebrauch gestattet.<\/span><\/p>\n<p><span style=\"font-weight: 400;\">Soweit die Inhalte auf dieser Seite nicht vom Betreiber erstellt wurden, werden die Urheberrechte Dritter beachtet. Insbesondere werden Inhalte Dritter als solche gekennzeichnet. Sollten Sie trotzdem auf eine Urheberrechtsverletzung aufmerksam werden, bitten wir um einen entsprechenden Hinweis. Bei Bekanntwerden von Rechtsverletzungen werden wir derartige Inhalte umgehend entfernen.<\/span><\/p>\n<p><span style=\"font-weight: 400;\">Quelle:<\/span><\/p>\n<p><span style=\"font-weight: 400;\">e-recht24.de<\/span><\/p>\n<p><b>Datenschutzerkl\u00e4rung<\/b><\/p>\n<p><b>Datenschutz<\/b><\/p>\n<p><span style=\"font-weight: 400;\">Wir haben diese Datenschutzerkl\u00e4rung (Fassung 24.11.2020-311234449) verfasst, um Ihnen gem\u00e4\u00df der Vorgaben der <\/span><a href=\"https:\/\/eur-lex.europa.eu\/legal-content\/DE\/ALL\/?uri=celex%3A32016R0679&amp;tid=311234449\"><span style=\"font-weight: 400;\">Datenschutz-Grundverordnung (EU) 2016\/679<\/span><\/a><span style=\"font-weight: 400;\"> zu erkl\u00e4ren, welche Informationen wir sammeln, wie wir Daten verwenden und welche Entscheidungsm\u00f6glichkeiten Sie als Besucher dieser Webseite haben.<\/span><\/p>\n<p><span style=\"font-weight: 400;\">Leider liegt es in der Natur der Sache, dass diese Erkl\u00e4rungen sehr technisch klingen, wir haben uns bei der Erstellung jedoch bem\u00fcht die wichtigsten Dinge so einfach und klar wie m\u00f6glich zu beschreiben.<\/span><\/p>\n<p><b>Speicherung pers\u00f6nlicher Daten<\/b><\/p>\n<p><span style=\"font-weight: 400;\">Pers\u00f6nliche Daten, die Sie uns auf dieser Website elektronisch \u00fcbermitteln, wie zum Beispiel Name, E-Mail-Adresse, Adresse oder andere pers\u00f6nlichen Angaben im Rahmen der \u00dcbermittlung eines Formulars oder Kommentaren im Blog, werden von uns gemeinsam mit dem Zeitpunkt und der IP-Adresse nur zum jeweils angegebenen Zweck verwendet, sicher verwahrt und nicht an Dritte weitergegeben.<\/span><\/p>\n<p><span style=\"font-weight: 400;\">Wir nutzen Ihre pers\u00f6nlichen Daten somit nur f\u00fcr die Kommunikation mit jenen Besuchern, die Kontakt ausdr\u00fccklich w\u00fcnschen und f\u00fcr die Abwicklung der auf dieser Webseite angebotenen Dienstleistungen und Produkte. Wir geben Ihre pers\u00f6nlichen Daten ohne Zustimmung nicht weiter, k\u00f6nnen jedoch nicht ausschlie\u00dfen, dass diese Daten beim Vorliegen von rechtswidrigem Verhalten eingesehen werden.<\/span><\/p>\n<p><span style=\"font-weight: 400;\">Wenn Sie uns pers\u00f6nliche Daten per E-Mail schicken \u2013 somit abseits dieser Webseite \u2013 k\u00f6nnen wir keine sichere \u00dcbertragung und den Schutz Ihrer Daten garantieren. Wir empfehlen Ihnen, vertrauliche Daten niemals unverschl\u00fcsselt per E-Mail zu \u00fcbermitteln.<\/span><\/p>\n<p><span style=\"font-weight: 400;\">Die Rechtsgrundlage besteht nach <\/span><a href=\"https:\/\/eur-lex.europa.eu\/legal-content\/DE\/TXT\/HTML\/?uri=CELEX:32016R0679&amp;from=DE&amp;tid=311234449\"><span style=\"font-weight: 400;\">Artikel 6\u00a0 Absatz 1 a DSGVO<\/span><\/a><span style=\"font-weight: 400;\"> (Rechtm\u00e4\u00dfigkeit der Verarbeitung) darin, dass Sie uns die Einwilligung zur Verarbeitung der von Ihnen eingegebenen Daten geben. Sie k\u00f6nnen diesen Einwilligung jederzeit widerrufen \u2013 eine formlose E-Mail reicht aus, Sie finden unsere Kontaktdaten im Impressum.<\/span><\/p>\n<p><b>Rechte laut Datenschutzgrundverordnung<\/b><\/p>\n<p><span style=\"font-weight: 400;\">Ihnen stehen laut den Bestimmungen der DSGVO grunds\u00e4tzlich die folgende Rechte zu:<\/span><\/p>\n<ul>\n<li style=\"font-weight: 400;\" aria-level=\"1\"><span style=\"font-weight: 400;\">Recht auf Berichtigung (Artikel 16 DSGVO)<\/span><\/li>\n<li style=\"font-weight: 400;\" aria-level=\"1\"><span style=\"font-weight: 400;\">Recht auf L\u00f6schung (\u201eRecht auf Vergessenwerden\u201c) (Artikel 17 DSGVO)<\/span><\/li>\n<li style=\"font-weight: 400;\" aria-level=\"1\"><span style=\"font-weight: 400;\">Recht auf Einschr\u00e4nkung der Verarbeitung (Artikel 18 DSGVO)<\/span><\/li>\n<li style=\"font-weight: 400;\" aria-level=\"1\"><span style=\"font-weight: 400;\">Recht auf Benachrichtigung \u2013 Mitteilungspflicht im Zusammenhang mit der Berichtigung oder L\u00f6schung personenbezogener Daten oder der Einschr\u00e4nkung der Verarbeitung (Artikel 19 DSGVO)<\/span><\/li>\n<li style=\"font-weight: 400;\" aria-level=\"1\"><span style=\"font-weight: 400;\">Recht auf Daten\u00fcbertragbarkeit (Artikel 20 DSGVO)<\/span><\/li>\n<li style=\"font-weight: 400;\" aria-level=\"1\"><span style=\"font-weight: 400;\">Widerspruchsrecht (Artikel 21 DSGVO)<\/span><\/li>\n<li style=\"font-weight: 400;\" aria-level=\"1\"><span style=\"font-weight: 400;\">Recht, nicht einer ausschlie\u00dflich auf einer automatisierten Verarbeitung \u2014 einschlie\u00dflich Profiling \u2014 beruhenden Entscheidung unterworfen zu werden (Artikel 22 DSGVO)<\/span><\/li>\n<\/ul>\n<p><span style=\"font-weight: 400;\">Wenn Sie glauben, dass die Verarbeitung Ihrer Daten gegen das Datenschutzrecht verst\u00f6\u00dft oder Ihre datenschutzrechtlichen Anspr\u00fcche sonst in einer Weise verletzt worden sind, k\u00f6nnen Sie sich an die <\/span><a href=\"https:\/\/www.bfdi.bund.de\/\"><span style=\"font-weight: 400;\">Bundesbeauftragte f\u00fcr den Datenschutz und die Informationsfreiheit (BfDI)<\/span><\/a><span style=\"font-weight: 400;\"> wenden.<\/span><\/p>\n<p><b>Auswertung des Besucherverhaltens<\/b><\/p>\n<p><span style=\"font-weight: 400;\">In der folgenden Datenschutzerkl\u00e4rung informieren wir Sie dar\u00fcber, ob und wie wir Daten Ihres Besuchs dieser Website auswerten. Die Auswertung der gesammelten Daten erfolgt in der Regel anonym und wir k\u00f6nnen von Ihrem Verhalten auf dieser Website nicht auf Ihre Person schlie\u00dfen.<\/span><\/p>\n<p><span style=\"font-weight: 400;\">Mehr \u00fcber M\u00f6glichkeiten dieser Auswertung der Besuchsdaten zu widersprechen erfahren Sie in der folgenden Datenschutzerkl\u00e4rung.<\/span><\/p>\n<p><span style=\"font-weight: 400;\">Quelle: Erstellt\u00a0mit dem\u00a0<\/span><a href=\"https:\/\/www.adsimple.de\/datenschutz-generator\/\"><span style=\"font-weight: 400;\">Datenschutz Generator<\/span><\/a><span style=\"font-weight: 400;\"> von AdSimple\u00a0in Kooperation mit <\/span><a href=\"https:\/\/www.fashiongott.de\/\"><span style=\"font-weight: 400;\">fashiongott.de<\/span><\/a><\/p>\n","protected":false},"excerpt":{"rendered":"<p>Angaben gem\u00e4\u00df \u00a7 5 TMG M\u00e4dchengymnasium J\u00fclich Dr.-Weyer-Stra\u00dfe 5 52428 J\u00fclich Kontakt Telefon: 02461\/97830 E-Mail: sekretariat@mgj-online.de Postadresse M\u00e4dchengymnasium J\u00fclich Dr.-Weyer-Stra\u00dfe 5 52428 J\u00fclich Redaktionell Verantwortlicher Team Patronatstag i.A. S.de Haan Dr.-Weyer-Stra\u00dfe 5 52428 J\u00fclich Verbraucherstreitbeilegung\/Universalschlichtungsstelle Wir sind nicht bereit oder verpflichtet, an Streitbeilegungsverfahren vor einer Verbraucherschlichtungsstelle teilzunehmen. Haftung f\u00fcr Inhalte Als Diensteanbieter sind wir gem\u00e4\u00df [&hellip;]<\/p>\n","protected":false},"author":1,"featured_media":0,"parent":0,"menu_order":0,"comment_status":"closed","ping_status":"open","template":"","meta":{"footnotes":""},"class_list":["post-2","page","type-page","status-publish","hentry"],"_links":{"self":[{"href":"http:\/\/xn--schule-schtzt-schpfung-bic0l.de\/index.php?rest_route=\/wp\/v2\/pages\/2","targetHints":{"allow":["GET"]}}],"collection":[{"href":"http:\/\/xn--schule-schtzt-schpfung-bic0l.de\/index.php?rest_route=\/wp\/v2\/pages"}],"about":[{"href":"http:\/\/xn--schule-schtzt-schpfung-bic0l.de\/index.php?rest_route=\/wp\/v2\/types\/page"}],"author":[{"embeddable":true,"href":"http:\/\/xn--schule-schtzt-schpfung-bic0l.de\/index.php?rest_route=\/wp\/v2\/users\/1"}],"replies":[{"embeddable":true,"href":"http:\/\/xn--schule-schtzt-schpfung-bic0l.de\/index.php?rest_route=%2Fwp%2Fv2%2Fcomments&post=2"}],"version-history":[{"count":4,"href":"http:\/\/xn--schule-schtzt-schpfung-bic0l.de\/index.php?rest_route=\/wp\/v2\/pages\/2\/revisions"}],"predecessor-version":[{"id":235,"href":"http:\/\/xn--schule-schtzt-schpfung-bic0l.de\/index.php?rest_route=\/wp\/v2\/pages\/2\/revisions\/235"}],"wp:attachment":[{"href":"http:\/\/xn--schule-schtzt-schpfung-bic0l.de\/index.php?rest_route=%2Fwp%2Fv2%2Fmedia&parent=2"}],"curies":[{"name":"wp","href":"https:\/\/api.w.org\/{rel}","templated":true}]}}

<p><b>Angaben gemäß § 5 TMG</b></p>
<p><span style="font-weight: 400;">Mädchengymnasium Jülich</span></p>
<p><span style="font-weight: 400;">Dr.-Weyer-Straße 5</span></p>
<p><span style="font-weight: 400;">52428 Jülich</span></p>
<p><b>Kontakt</b></p>
<p><span style="font-weight: 400;">Telefon: 02461/97830</span></p>
<p><span style="font-weight: 400;">E-Mail: sekretariat@mgj-online.de</span></p>
<p><b>Postadresse</b></p>
<p><span style="font-weight: 400;">Mädchengymnasium Jülich</span></p>
<p><span style="font-weight: 400;">Dr.-Weyer-Straße 5</span></p>
<p><span style="font-weight: 400;">52428 Jülich</span></p>
<p><b>Redaktionell Verantwortlicher</b></p>
<p><span style="font-weight: 400;">Team Patronatstag i.A. S.de Haan</span></p>
<p><span style="font-weight: 400;">Dr.-Weyer-Straße 5</span></p>
<p><span style="font-weight: 400;">52428 Jülich</span></p>
<p><b>Verbraucherstreitbeilegung/Universalschlichtungsstelle</b></p>
<p><span style="font-weight: 400;">Wir sind nicht bereit oder verpflichtet, an Streitbeilegungsverfahren vor einer</span></p>
<p><span style="font-weight: 400;">Verbraucherschlichtungsstelle teilzunehmen.</span></p>
<p><b>Haftung für Inhalte</b></p>
<p><span style="font-weight: 400;">Als Diensteanbieter sind wir gemäß § 7 Abs.1 TMG für eigene Inhalte auf diesen Seiten nach den</span></p>
<p><span style="font-weight: 400;">allgemeinen Gesetzen verantwortlich. Nach §§ 8 bis 10 TMG sind wir als Diensteanbieter jedoch nicht</span></p>
<p><span style="font-weight: 400;">verpflichtet, übermittelte oder gespeicherte fremde Informationen zu überwachen oder nach Umständen zu forschen, die auf eine rechtswidrige Tätigkeit hinweisen.</span></p>
<p><span style="font-weight: 400;">Verpflichtungen zur Entfernung oder Sperrung der Nutzung von Informationen nach den allgemeinen</span></p>
<p><span style="font-weight: 400;">Gesetzen bleiben hiervon unberührt. Eine diesbezügliche Haftung ist jedoch erst ab dem Zeitpunkt der</span></p>
<p><span style="font-weight: 400;">Kenntnis einer konkreten Rechtsverletzung möglich. Bei Bekanntwerden von entsprechenden</span></p>
<p><span style="font-weight: 400;">Rechtsverletzungen werden wir diese Inhalte umgehend entfernen.</span></p>
<p><b>Haftung für Links</b></p>
<p><span style="font-weight: 400;">Unser Angebot enthält Links zu externen Websites Dritter, auf deren Inhalte wir keinen Einfluss haben.</span></p>
<p><span style="font-weight: 400;">Deshalb können wir für diese fremden Inhalte auch keine Gewähr übernehmen. Für die Inhalte der</span></p>
<p><span style="font-weight: 400;">verlinkten Seiten ist stets der jeweilige Anbieter oder Betreiber der Seiten verantwortlich. Die verlinkten Seiten wurden zum Zeitpunkt der Verlinkung auf mögliche Rechtsverstöße überprüft. Rechtswidrige Inhalte waren zum Zeitpunkt der Verlinkung nicht erkennbar.</span></p>
<p><span style="font-weight: 400;">Eine permanente inhaltliche Kontrolle der verlinkten Seiten ist jedoch ohne konkrete Anhaltspunkte einer Rechtsverletzung nicht zumutbar. Bei Bekanntwerden von Rechtsverletzungen werden wir derartige Links umgehend entfernen.</span></p>
<p><b>Urheberrecht</b></p>
<p><span style="font-weight: 400;">Die durch die Seitenbetreiber erstellten Inhalte und Werke auf diesen Seiten unterliegen dem deutschen Urheberrecht. Die Vervielfältigung, Bearbeitung, Verbreitung und jede Art der Verwertung außerhalb der Grenzen des Urheberrechtes bedürfen der schriftlichen Zustimmung des jeweiligen Autors bzw. Erstellers.</span></p>
<p><span style="font-weight: 400;">Downloads und Kopien dieser Seite sind nur für den privaten, nicht kommerziellen Gebrauch gestattet.</span></p>
<p><span style="font-weight: 400;">Soweit die Inhalte auf dieser Seite nicht vom Betreiber erstellt wurden, werden die Urheberrechte Dritter beachtet. Insbesondere werden Inhalte Dritter als solche gekennzeichnet. Sollten Sie trotzdem auf eine Urheberrechtsverletzung aufmerksam werden, bitten wir um einen entsprechenden Hinweis. Bei Bekanntwerden von Rechtsverletzungen werden wir derartige Inhalte umgehend entfernen.</span></p>
<p><span style="font-weight: 400;">Quelle:</span></p>
<p><span style="font-weight: 400;">e-recht24.de</span></p>
<p><b>Datenschutzerklärung</b></p>
<p><b>Datenschutz</b></p>
<p><span style="font-weight: 400;">Wir haben diese Datenschutzerklärung (Fassung 24.11.2020-311234449) verfasst, um Ihnen gemäß der Vorgaben der </span><a href="https://eur-lex.europa.eu/legal-content/DE/ALL/?uri=celex%3A32016R0679&amp;tid=311234449"><span style="font-weight: 400;">Datenschutz-Grundverordnung (EU) 2016/679</span></a><span style="font-weight: 400;"> zu erklären, welche Informationen wir sammeln, wie wir Daten verwenden und welche Entscheidungsmöglichkeiten Sie als Besucher dieser Webseite haben.</span></p>
<p><span style="font-weight: 400;">Leider liegt es in der Natur der Sache, dass diese Erklärungen sehr technisch klingen, wir haben uns bei der Erstellung jedoch bemüht die wichtigsten Dinge so einfach und klar wie möglich zu beschreiben.</span></p>
<p><b>Speicherung persönlicher Daten</b></p>
<p><span style="font-weight: 400;">Persönliche Daten, die Sie uns auf dieser Website elektronisch übermitteln, wie zum Beispiel Name, E-Mail-Adresse, Adresse oder andere persönlichen Angaben im Rahmen der Übermittlung eines Formulars oder Kommentaren im Blog, werden von uns gemeinsam mit dem Zeitpunkt und der IP-Adresse nur zum jeweils angegebenen Zweck verwendet, sicher verwahrt und nicht an Dritte weitergegeben.</span></p>
<p><span style="font-weight: 400;">Wir nutzen Ihre persönlichen Daten somit nur für die Kommunikation mit jenen Besuchern, die Kontakt ausdrücklich wünschen und für die Abwicklung der auf dieser Webseite angebotenen Dienstleistungen und Produkte. Wir geben Ihre persönlichen Daten ohne Zustimmung nicht weiter, können jedoch nicht ausschließen, dass diese Daten beim Vorliegen von rechtswidrigem Verhalten eingesehen werden.</span></p>
<p><span style="font-weight: 400;">Wenn Sie uns persönliche Daten per E-Mail schicken – somit abseits dieser Webseite – können wir keine sichere Übertragung und den Schutz Ihrer Daten garantieren. Wir empfehlen Ihnen, vertrauliche Daten niemals unverschlüsselt per E-Mail zu übermitteln.</span></p>
<p><span style="font-weight: 400;">Die Rechtsgrundlage besteht nach </span><a href="https://eur-lex.europa.eu/legal-content/DE/TXT/HTML/?uri=CELEX:32016R0679&amp;from=DE&amp;tid=311234449"><span style="font-weight: 400;">Artikel 6  Absatz 1 a DSGVO</span></a><span style="font-weight: 400;"> (Rechtmäßigkeit der Verarbeitung) darin, dass Sie uns die Einwilligung zur Verarbeitung der von Ihnen eingegebenen Daten geben. Sie können diesen Einwilligung jederzeit widerrufen – eine formlose E-Mail reicht aus, Sie finden unsere Kontaktdaten im Impressum.</span></p>
<p><b>Rechte laut Datenschutzgrundverordnung</b></p>
<p><span style="font-weight: 400;">Ihnen stehen laut den Bestimmungen der DSGVO grundsätzlich die folgende Rechte zu:</span></p>
<ul>
<li style="font-weight: 400;" aria-level="1"><span style="font-weight: 400;">Recht auf Berichtigung (Artikel 16 DSGVO)</span></li>
<li style="font-weight: 400;" aria-level="1"><span style="font-weight: 400;">Recht auf Löschung („Recht auf Vergessenwerden“) (Artikel 17 DSGVO)</span></li>
<li style="font-weight: 400;" aria-level="1"><span style="font-weight: 400;">Recht auf Einschränkung der Verarbeitung (Artikel 18 DSGVO)</span></li>
<li style="font-weight: 400;" aria-level="1"><span style="font-weight: 400;">Recht auf Benachrichtigung – Mitteilungspflicht im Zusammenhang mit der Berichtigung oder Löschung personenbezogener Daten oder der Einschränkung der Verarbeitung (Artikel 19 DSGVO)</span></li>
<li style="font-weight: 400;" aria-level="1"><span style="font-weight: 400;">Recht auf Datenübertragbarkeit (Artikel 20 DSGVO)</span></li>
<li style="font-weight: 400;" aria-level="1"><span style="font-weight: 400;">Widerspruchsrecht (Artikel 21 DSGVO)</span></li>
<li style="font-weight: 400;" aria-level="1"><span style="font-weight: 400;">Recht, nicht einer ausschließlich auf einer automatisierten Verarbeitung — einschließlich Profiling — beruhenden Entscheidung unterworfen zu werden (Artikel 22 DSGVO)</span></li>
</ul>
<p><span style="font-weight: 400;">Wenn Sie glauben, dass die Verarbeitung Ihrer Daten gegen das Datenschutzrecht verstößt oder Ihre datenschutzrechtlichen Ansprüche sonst in einer Weise verletzt worden sind, können Sie sich an die </span><a href="https://www.bfdi.bund.de/"><span style="font-weight: 400;">Bundesbeauftragte für den Datenschutz und die Informationsfreiheit (BfDI)</span></a><span style="font-weight: 400;"> wenden.</span></p>
<p><b>Auswertung des Besucherverhaltens</b></p>
<p><span style="font-weight: 400;">In der folgenden Datenschutzerklärung informieren wir Sie darüber, ob und wie wir Daten Ihres Besuchs dieser Website auswerten. Die Auswertung der gesammelten Daten erfolgt in der Regel anonym und wir können von Ihrem Verhalten auf dieser Website nicht auf Ihre Person schließen.</span></p>
<p><span style="font-weight: 400;">Mehr über Möglichkeiten dieser Auswertung der Besuchsdaten zu widersprechen erfahren Sie in der folgenden Datenschutzerklärung.</span></p>
<p><span style="font-weight: 400;">Quelle: Erstellt mit dem </span><a href="https://www.adsimple.de/datenschutz-generator/"><span style="font-weight: 400;">Datenschutz Generator</span></a><span style="font-weight: 400;"> von AdSimple in Kooperation mit </span><a href="https://www.fashiongott.de/"><span style="font-weight: 400;">fashiongott.de</span></a></p>

<p>Angaben gemäß § 5 TMG Mädchengymnasium Jülich Dr.-Weyer-Straße 5 52428 Jülich Kontakt Telefon: 02461/97830 E-Mail: sekretariat@mgj-online.de Postadresse Mädchengymnasium Jülich Dr.-Weyer-Straße 5 52428 Jülich Redaktionell Verantwortlicher Team Patronatstag i.A. S.de Haan Dr.-Weyer-Straße 5 52428 Jülich Verbraucherstreitbeilegung/Universalschlichtungsstelle Wir sind nicht bereit oder verpflichtet, an Streitbeilegungsverfahren vor einer Verbraucherschlichtungsstelle teilzunehmen. Haftung für Inhalte Als Diensteanbieter sind wir gemäß [&hellip;]</p>
